lse
Is 25787 composite?
True
Is 89227 a composite number?
False
Is 1938869 a composite number?
True
Is 14857 prime?
False
Is 589993 a composite number?
False
Is 1079849 a prime number?
True
Is 4559 composite?
True
Is 5849 composite?
False
Is 110017 composite?
False
Is 365098 a prime number?
False
Is 1186693 composite?
False
Is 631 a prime number?
True
Is 62311 a prime number?
True
Is 1357853 a composite number?
True
Is 236549 composite?
False
Is 49727 composite?
False
Is 22299 a prime number?
False
Is 960737 a composite number?
False
Is 3281 composite?
True
Is 213119 composite?
False
Is 894067 a prime number?
True
Is 613465 prime?
False
Is 29371 a prime number?
False
Is 96389 composite?
True
Is 5249 prime?
False
Is 247691 a prime number?
True
Is 98191 prime?
False
Is 1934971 a composite number?
True
Is 23399 a prime number?
True
Is 2051059 prime?
True
Is 13751 a composite number?
False
Is 8567 a prime number?
False
Is 60493 prime?
True
Is 7061 a composite number?
True
Is 2007001 a prime number?
True
Is 6761 a composite number?
False
Is 185417 a composite number?
True
Is 23459 a prime number?
True
Is 63049 prime?
False
Is 594367 prime?
True
Is 212827 a prime number?
True
Is 1552807 prime?
True
Is 32987 prime?
True
Is 34499 a prime number?
True
Is 19535 composite?
True
Is 57194 a composite number?
True
Is 646099 prime?
True
Is 33977 prime?
False
Is 3389 composite?
False
Is 389 prime?
True
Is 143699 a prime number?
True
Is 48563 a composite number?
False
Is 7647 a composite number?
True
Is 167893 a prime number?
False
Is 314693 a composite number?
False
Is 703489 a prime number?
True
Is 19757 a composite number?
True
Is 26407 a composite number?
False
Is 1892867 a prime number?
True
Is 71971 a prime number?
True
Is 149083 a composite number?
True
Is 24943 a prime number?
True
Is 235069 composite?
False
Is 7037 a composite number?
True
Is 703759 prime?
False
Is 83639 composite?
False
Is 10079 a composite number?
False
Is 381107 composite?
True
Is 13549 prime?
False
Is 6667 composite?
True
Is 67085 composite?
True
Is 32531 prime?
True
Is 99511 a composite number?
True
Is 1198 composite?
True
Is 66887 a prime number?
False
Is 346231 prime?
False
Is 387073 a composite number?
True
Is 4327 a prime number?
True
Is 113527 a prime number?
False
Is 663477 a composite number?
True
Is 19207 a prime number?
True
Is 82769 composite?
True
Is 460721 a composite number?
False
Is 35747 a prime number?
True
Is 89371 composite?
False
Is 1732558 a composite number?
True
Is 13781 a composite number?
False
Is 2677267 a prime number?
True
Is 307 composite?
False
Is 130769 prime?
True
Is 17653 a composite number?
True
Is 37231 composite?
True
Is 2460111 prime?
False
Is 47303 composite?
False
Is 336079 a composite number?
False
Is 177223 a composite number?
False
Is 28639 prime?
False
Is 15593 a composite number?
True
Is 65829 composite?
True
Is 35971 prime?
False
Is 6371 prime?
False
Is 7187 a composite number?
False
Is 213619 prime?
False
Is 44167 a composite number?
True
Is 22901 a composite number?
False
Is 91283 a composite number?
False
Is 117235 prime?
False
Is 10511 composite?
True
Is 111158 a composite number?
True
Is 198461 a prime number?
True
Is 5155 prime?
False
Is 5147 prime?
True
Is 371903 prime?
False
Is 594397 a composite number?
False
Is 541147 a composite number?
True
Is 534187 a composite number?
True
Is 6805 prime?
False
Is 3077 a composite number?
True
Is 7501 a composite number?
True
Is 129697 a prime number?
False
Is 3173 a composite number?
True
Is 481177 a composite number?
False
Is 365587 prime?
True
Is 39433 prime?
False
Is 5547449 a composite number?
True
Is 317771 a prime number?
True
Is 381 prime?
False
Is 17267 a composite number?
True
Is 23207 a prime number?
False
Is 1332887 composite?
True
Is 979519 composite?
False
Is 209635 composite?
True
Is 12419 a prime number?
False
Is 87577 a prime number?
False
Is 15493 a composite number?
False
Is 441163 a composite number?
True
Is 76399 a composite number?
True
Is 2035493 a prime number?
True
Is 631857 prime?
False
Is 76801 prime?
True
Is 213589 a composite number?
False
Is 13223 a composite number?
True
Is 35603 composite?
False
Is 7793 a prime number?
True
Is 6421 prime?
True
Is 89459 composite?
False
Is 382919 prime?
True
Is 369643 prime?
False
Is 4733 a prime number?
True
Is 2166739 a composite number?
True
Is 76333 a prime number?
True
Is 918089 prime?
True
Is 34019 a composite number?
False
Is 43879 composite?
True
Is 58103 a composite number?
True
Is 437 composite?
True
Is 7103 prime?
True
Is 57053 a composite number?
True
Is 3989 a composite number?
False
Is 164345 a prime number?
False
Is 20373 a composite number?
True
Is 21361 prime?
False
Is 3763 composite?
True
Is 136946 prime?
False
Is 55299 composite?
True
Is 159693 a composite number?
True
Is 986297 a prime number?
False
Is 13381 a composite number?
False
Is 217271 composite?
False
Is 123337 prime?
False
Is 962733 prime?
False
Is 378869 a composite number?
False
Is 25939 composite?
False
Is 101833 a prime number?
True
Is 55193 a prime number?
False
Is 583293 a composite number?
True
Is 3407 prime?
True
Is 138041 a prime number?
True
Is 172789 composite?
True
Is 11789 a prime number?
True
Is 8485 a prime number?
False
Is 247991 a composite number?
False
Is 41479 composite?
False
Is 176629 composite?
False
Is 73517 a composite number?
False
Is 12323 prime?
True
Is 26539 a prime number?
True
Is 34679 a composite number?
False
Is 91909 composite?
False
Is 87251 prime?
True
Is 5381 a composite number?
False
Is 257069 a prime number?
True
Is 52837 a composite number?
False
Is 95899 a prime number?
False
Is 15659 a composite number?
True
Is 10481 a composite number?
True
Is 6408791 prime?
True
Is 566377 prime?
False
Is 15259 composite?
False
Is 13918 a prime number?
False
Is 3236317 a composite number?
True
Is 8153 a composite number?
True
Is 49255 a composite number?
True
Is 1459 composite?
False
Is 694279 a composite number?
True
Is 3587 a prime number?
False
Is 373937 prime?
True
Is 461233 prime?
True
Is 190357 a prime number?
True
Is 90947 composite?
False
Is 449051 composite?
False
Is 158495 a prime number?
False
Is 15233 a composite number?
False
Is 4421 composite?
False
Is 1994 a composite number?
True
Is 10133 a prime number?
True
Is 34693 a prime number?
True
Is 15791 a prime number?
True
Is 2545 prime?
False
Is 1206421 a composite number?
True
Is 23893 a prime number?
True
Is 773743 prime?
False
Is 11273 prime?
True
Is 5227 a composite number?
False
Is 95533 a composite number?
True
Is 1028729 prime?
False
Is 10559 a prime number?
True
Is 20122 composite?
True
Is 614 prime?
False
Is 28319 a composite number?
False
Is 18947 composite?
False
Is 1119122 a prime number?
False
Is 1735 composite?
True
Is 47597 a prime number?
False
Is 4173811 a composite number?
False
Is 26167 a prime number?
False
Is 23953 a prime number?
False
Is 848629 prime?
True
Is 4507 a composite number?
False
Is 1374869 composite?
False
Is 335381 composite?
False
Is 441627 prime?
False
Is 198241 composite?
False
Is 2653 composite?
True
Is 5909 a composite number?
True
Is 644547 a composite number?
True
Is 241807 composite?
False
Is 290791 a composite number?
False
Is 1141757 a prime number?
True
Is 24202 prime?
False
Is 834869 a composite number?
True
Is 33815 a prime number?
False
Is 36121 a composite number?
True
Is 113719 a composite number?
False
Is 4057 a composite number?
False
Is 17161 a prime number?
False
Is 29663 a composite number?
False
Is 1367 a composite number?
False
Is 1684429 a composite number?
True
Is 50419 a composite number?
True
Is 13435 a composite number?
True
Is 291299 composite?
False
Is 449 composite?
False
Is 32467 composite?
False
Is 650759 a composite number?
False
Is 181991 prime?
False
Is 4049 a composite number?
False
Is 2026 a composite number?
True
Is 4621 a composite number?
False
Is 37429 a composite number?
True
Is 15109 prime?
False
Is 18311 composite?
False
Is 907 composite?
False
Is 30437 prime?
False
Is 11677 a composite number?
False
Is 15859 a composite number?
False
Is 940469 a prime number?
True
Is 9199 prime?
True
Is 323611 a prime number?
False
Is 792437 a composite number?
True
Is 73031 composite?
True
I